{"id":46,"date":"2019-05-24T12:12:43","date_gmt":"2019-05-24T10:12:43","guid":{"rendered":"http:\/\/crechecelestinfreinet.fr\/?page_id=46"},"modified":"2021-04-26T10:31:32","modified_gmt":"2021-04-26T08:31:32","slug":"reseau","status":"publish","type":"page","link":"https:\/\/crechecelestinfreinet.fr\/?page_id=46","title":{"rendered":"R\u00e9seau"},"content":{"rendered":"\n<p>Travail en coop\u00e9ration avec des institutions et experts<\/p>\n\n\n\n<ul class=\"wp-block-list\"><li>ACEPP nationale : Association des collectifs Enfants Parents Professionnels<\/li><li>OPCO : uniformation<\/li><li>ELISFA : Employeurs du Lien Social et Familial<\/li><li>Centres de formation d&rsquo;\u00e9ducateurs de jeunes enfants d&rsquo;Ile de France<\/li><li>Cabinet d&rsquo;avocats SEBAN et Associ\u00e9s<\/li><li>AMET : M\u00e9decine du travail<\/li><li> Multi-accueil\u00a0Simone de Beauvoir <\/li><li>Biblioth\u00e8que Daniel Renoult<\/li><li>Cin\u00e9ma Le M\u00e9li\u00e8s Montreuil<\/li><li>Les pros de la petite enfance<\/li><li>R\u00e9seau Devenir d&rsquo;Enfance<\/li><li>Association Rejou\u00e9<\/li><li>Ecole maternelle Daniel Renoult<\/li><li>Humanis Malakoff<\/li><li>Centre M\u00e9dico-Psycho-P\u00e9dagogique Lucien Madras<\/li><li>CHU La Maison Bleue Montreuil<\/li><li>Maison des associations et des initiatives citoyennes de Montreuil<\/li><li>Ligue de l&rsquo;enseignement FOL93 &#8211; F\u00e9d\u00e9ration d&rsquo;associations, mouvement d&rsquo;\u00e9ducation populaire<\/li><li>CPNEF Centres sociaux d\u00e9veloppement social local accueil jeunes enfants<br><\/li><\/ul>\n","protected":false},"excerpt":{"rendered":"<p>Travail en coop\u00e9ration avec des institutions et experts ACEPP nationale : Association des collectifs Enfants Parents Professionnels OPCO : uniformation ELISFA : Employeurs du Lien Social et Familial Centres de formation d&rsquo;\u00e9ducateurs de jeunes enfants d&rsquo;Ile de France Cabinet d&rsquo;avocats SEBAN et Associ\u00e9s AMET : M\u00e9decine du travail Multi-accueil\u00a0Simone de Beauvoir Biblioth\u00e8que Daniel Renoult Cin\u00e9ma [&hellip;]<\/p>\n","protected":false},"author":1,"featured_media":0,"parent":0,"menu_order":0,"comment_status":"closed","ping_status":"closed","template":"","meta":{"footnotes":""},"class_list":["post-46","page","type-page","status-publish","hentry"],"_links":{"self":[{"href":"https:\/\/crechecelestinfreinet.fr\/index.php?rest_route=\/wp\/v2\/pages\/46","targetHints":{"allow":["GET"]}}],"collection":[{"href":"https:\/\/crechecelestinfreinet.fr\/index.php?rest_route=\/wp\/v2\/pages"}],"about":[{"href":"https:\/\/crechecelestinfreinet.fr\/index.php?rest_route=\/wp\/v2\/types\/page"}],"author":[{"embeddable":true,"href":"https:\/\/crechecelestinfreinet.fr\/index.php?rest_route=\/wp\/v2\/users\/1"}],"replies":[{"embeddable":true,"href":"https:\/\/crechecelestinfreinet.fr\/index.php?rest_route=%2Fwp%2Fv2%2Fcomments&post=46"}],"version-history":[{"count":8,"href":"https:\/\/crechecelestinfreinet.fr\/index.php?rest_route=\/wp\/v2\/pages\/46\/revisions"}],"predecessor-version":[{"id":195,"href":"https:\/\/crechecelestinfreinet.fr\/index.php?rest_route=\/wp\/v2\/pages\/46\/revisions\/195"}],"wp:attachment":[{"href":"https:\/\/crechecelestinfreinet.fr\/index.php?rest_route=%2Fwp%2Fv2%2Fmedia&parent=46"}],"curies":[{"name":"wp","href":"https:\/\/api.w.org\/{rel}","templated":true}]}}

Réseau

<p>Travail en coopération avec des institutions et experts</p>



<ul class="wp-block-list"><li>ACEPP nationale : Association des collectifs Enfants Parents Professionnels</li><li>OPCO : uniformation</li><li>ELISFA : Employeurs du Lien Social et Familial</li><li>Centres de formation d&rsquo;éducateurs de jeunes enfants d&rsquo;Ile de France</li><li>Cabinet d&rsquo;avocats SEBAN et Associés</li><li>AMET : Médecine du travail</li><li> Multi-accueil Simone de Beauvoir </li><li>Bibliothèque Daniel Renoult</li><li>Cinéma Le Méliès Montreuil</li><li>Les pros de la petite enfance</li><li>Réseau Devenir d&rsquo;Enfance</li><li>Association Rejoué</li><li>Ecole maternelle Daniel Renoult</li><li>Humanis Malakoff</li><li>Centre Médico-Psycho-Pédagogique Lucien Madras</li><li>CHU La Maison Bleue Montreuil</li><li>Maison des associations et des initiatives citoyennes de Montreuil</li><li>Ligue de l&rsquo;enseignement FOL93 &#8211; Fédération d&rsquo;associations, mouvement d&rsquo;éducation populaire</li><li>CPNEF Centres sociaux développement social local accueil jeunes enfants<br></li></ul>

<p>Travail en coopération avec des institutions et experts ACEPP nationale : Association des collectifs Enfants Parents Professionnels OPCO : uniformation ELISFA : Employeurs du Lien Social et Familial Centres de formation d&rsquo;éducateurs de jeunes enfants d&rsquo;Ile de France Cabinet d&rsquo;avocats SEBAN et Associés AMET : Médecine du travail Multi-accueil Simone de Beauvoir Bibliothèque Daniel Renoult Cinéma [&hellip;]</p>
