{"id":2,"date":"2019-03-15T11:27:25","date_gmt":"2019-03-15T10:27:25","guid":{"rendered":"http:\/\/crechecelestinfreinet.fr\/?page_id=2"},"modified":"2024-01-08T13:29:24","modified_gmt":"2024-01-08T12:29:24","slug":"page-d-exemple","status":"publish","type":"page","link":"https:\/\/crechecelestinfreinet.fr\/","title":{"rendered":"Multi Accueil C\u00e9lestin Freinet"},"content":{"rendered":"\n<figure class=\"wp-block-image size-full\"><img loading=\"lazy\" decoding=\"async\" width=\"512\" height=\"512\" src=\"https:\/\/crechecelestinfreinet.fr\/wp-content\/uploads\/2024\/01\/cropped-logo-creche-512x512-1.jpg\" alt=\"\" class=\"wp-image-310\" srcset=\"https:\/\/crechecelestinfreinet.fr\/wp-content\/uploads\/2024\/01\/cropped-logo-creche-512x512-1.jpg 512w, https:\/\/crechecelestinfreinet.fr\/wp-content\/uploads\/2024\/01\/cropped-logo-creche-512x512-1-300x300.jpg 300w, https:\/\/crechecelestinfreinet.fr\/wp-content\/uploads\/2024\/01\/cropped-logo-creche-512x512-1-150x150.jpg 150w, https:\/\/crechecelestinfreinet.fr\/wp-content\/uploads\/2024\/01\/cropped-logo-creche-512x512-1-66x66.jpg 66w, https:\/\/crechecelestinfreinet.fr\/wp-content\/uploads\/2024\/01\/cropped-logo-creche-512x512-1-444x444.jpg 444w, https:\/\/crechecelestinfreinet.fr\/wp-content\/uploads\/2024\/01\/cropped-logo-creche-512x512-1-270x270.jpg 270w, https:\/\/crechecelestinfreinet.fr\/wp-content\/uploads\/2024\/01\/cropped-logo-creche-512x512-1-192x192.jpg 192w, https:\/\/crechecelestinfreinet.fr\/wp-content\/uploads\/2024\/01\/cropped-logo-creche-512x512-1-180x180.jpg 180w, https:\/\/crechecelestinfreinet.fr\/wp-content\/uploads\/2024\/01\/cropped-logo-creche-512x512-1-32x32.jpg 32w\" sizes=\"auto, (max-width: 512px) 100vw, 512px\" \/><\/figure>\n\n\n\n<p>L\u2019\u00e9tablissement petite enfance Multi Accueils C\u00e9lestin Freinet est g\u00e9r\u00e9 par une association type \u00abloi 1901\u00bb. C&rsquo;est un \u00e9tablissement priv\u00e9, la\u00efc, subventionn\u00e9 au 3\u20444 par l&rsquo;Etat. (CAF, D\u00e9partement, Mairie)<br> La mission de l&rsquo;\u00e9tablissement est d&rsquo;assurer un <strong>relais \u00e9ducatif. <\/strong><\/p>\n\n\n\n<p>Il assure, en journ\u00e9e et en semaine, un accueil collectif r\u00e9gulier non permanent \u00e0 temps plein,\npartiel et occasionnel de jeunes enfants, durant les p\u00e9riodes d\u2019activit\u00e9s de leurs parents, afin de\npermettre \u00e0 ceux-ci de concilier leur vie professionnelle et leur vie familiale.<br>\nIl veille \u00e0 la sant\u00e9, \u00e0 la s\u00e9curit\u00e9, au bien \u00eatre et au d\u00e9veloppement des enfants confi\u00e9s.\n<\/p>\n\n\n\n<figure class=\"wp-block-image size-large\"><img loading=\"lazy\" decoding=\"async\" width=\"1024\" height=\"768\" src=\"https:\/\/crechecelestinfreinet.fr\/wp-content\/uploads\/2020\/03\/IMG_1417-1024x768.jpg\" alt=\"\" class=\"wp-image-75\" srcset=\"https:\/\/crechecelestinfreinet.fr\/wp-content\/uploads\/2020\/03\/IMG_1417-1024x768.jpg 1024w, https:\/\/crechecelestinfreinet.fr\/wp-content\/uploads\/2020\/03\/IMG_1417-300x225.jpg 300w, https:\/\/crechecelestinfreinet.fr\/wp-content\/uploads\/2020\/03\/IMG_1417-768x576.jpg 768w, https:\/\/crechecelestinfreinet.fr\/wp-content\/uploads\/2020\/03\/IMG_1417-1536x1152.jpg 1536w, https:\/\/crechecelestinfreinet.fr\/wp-content\/uploads\/2020\/03\/IMG_1417-2048x1536.jpg 2048w, https:\/\/crechecelestinfreinet.fr\/wp-content\/uploads\/2020\/03\/IMG_1417-1365x1024.jpg 1365w, https:\/\/crechecelestinfreinet.fr\/wp-content\/uploads\/2020\/03\/IMG_1417-618x464.jpg 618w, https:\/\/crechecelestinfreinet.fr\/wp-content\/uploads\/2020\/03\/IMG_1417-138x104.jpg 138w, https:\/\/crechecelestinfreinet.fr\/wp-content\/uploads\/2020\/03\/IMG_1417-444x333.jpg 444w\" sizes=\"auto, (max-width: 1024px) 100vw, 1024px\" \/><\/figure>\n","protected":false},"excerpt":{"rendered":"<p>L\u2019\u00e9tablissement petite enfance Multi Accueils C\u00e9lestin Freinet est g\u00e9r\u00e9 par une association type \u00abloi 1901\u00bb. C&rsquo;est un \u00e9tablissement priv\u00e9, la\u00efc, subventionn\u00e9 au 3\u20444 par l&rsquo;Etat. (CAF, D\u00e9partement, Mairie) La mission de l&rsquo;\u00e9tablissement est d&rsquo;assurer un relais \u00e9ducatif. Il assure, en journ\u00e9e et en semaine, un accueil collectif r\u00e9gulier non permanent \u00e0 temps plein, partiel et [&hellip;]<\/p>\n","protected":false},"author":1,"featured_media":0,"parent":0,"menu_order":0,"comment_status":"closed","ping_status":"open","template":"","meta":{"footnotes":""},"class_list":["post-2","page","type-page","status-publish","hentry"],"_links":{"self":[{"href":"https:\/\/crechecelestinfreinet.fr\/index.php?rest_route=\/wp\/v2\/pages\/2","targetHints":{"allow":["GET"]}}],"collection":[{"href":"https:\/\/crechecelestinfreinet.fr\/index.php?rest_route=\/wp\/v2\/pages"}],"about":[{"href":"https:\/\/crechecelestinfreinet.fr\/index.php?rest_route=\/wp\/v2\/types\/page"}],"author":[{"embeddable":true,"href":"https:\/\/crechecelestinfreinet.fr\/index.php?rest_route=\/wp\/v2\/users\/1"}],"replies":[{"embeddable":true,"href":"https:\/\/crechecelestinfreinet.fr\/index.php?rest_route=%2Fwp%2Fv2%2Fcomments&post=2"}],"version-history":[{"count":9,"href":"https:\/\/crechecelestinfreinet.fr\/index.php?rest_route=\/wp\/v2\/pages\/2\/revisions"}],"predecessor-version":[{"id":313,"href":"https:\/\/crechecelestinfreinet.fr\/index.php?rest_route=\/wp\/v2\/pages\/2\/revisions\/313"}],"wp:attachment":[{"href":"https:\/\/crechecelestinfreinet.fr\/index.php?rest_route=%2Fwp%2Fv2%2Fmedia&parent=2"}],"curies":[{"name":"wp","href":"https:\/\/api.w.org\/{rel}","templated":true}]}}

Multi Accueil Célestin Freinet

<figure class="wp-block-image size-full"><img loading="lazy" decoding="async" width="512" height="512" src="https://crechecelestinfreinet.fr/wp-content/uploads/2024/01/cropped-logo-creche-512x512-1.jpg" alt="" class="wp-image-310" srcset="https://crechecelestinfreinet.fr/wp-content/uploads/2024/01/cropped-logo-creche-512x512-1.jpg 512w, https://crechecelestinfreinet.fr/wp-content/uploads/2024/01/cropped-logo-creche-512x512-1-300x300.jpg 300w, https://crechecelestinfreinet.fr/wp-content/uploads/2024/01/cropped-logo-creche-512x512-1-150x150.jpg 150w, https://crechecelestinfreinet.fr/wp-content/uploads/2024/01/cropped-logo-creche-512x512-1-66x66.jpg 66w, https://crechecelestinfreinet.fr/wp-content/uploads/2024/01/cropped-logo-creche-512x512-1-444x444.jpg 444w, https://crechecelestinfreinet.fr/wp-content/uploads/2024/01/cropped-logo-creche-512x512-1-270x270.jpg 270w, https://crechecelestinfreinet.fr/wp-content/uploads/2024/01/cropped-logo-creche-512x512-1-192x192.jpg 192w, https://crechecelestinfreinet.fr/wp-content/uploads/2024/01/cropped-logo-creche-512x512-1-180x180.jpg 180w, https://crechecelestinfreinet.fr/wp-content/uploads/2024/01/cropped-logo-creche-512x512-1-32x32.jpg 32w" sizes="auto, (max-width: 512px) 100vw, 512px" /></figure>



<p>L’établissement petite enfance Multi Accueils Célestin Freinet est géré par une association type «loi 1901». C&rsquo;est un établissement privé, laïc, subventionné au 3⁄4 par l&rsquo;Etat. (CAF, Département, Mairie)<br> La mission de l&rsquo;établissement est d&rsquo;assurer un <strong>relais éducatif. </strong></p>



<p>Il assure, en journée et en semaine, un accueil collectif régulier non permanent à temps plein,
partiel et occasionnel de jeunes enfants, durant les périodes d’activités de leurs parents, afin de
permettre à ceux-ci de concilier leur vie professionnelle et leur vie familiale.<br>
Il veille à la santé, à la sécurité, au bien être et au développement des enfants confiés.
</p>



<figure class="wp-block-image size-large"><img loading="lazy" decoding="async" width="1024" height="768" src="https://crechecelestinfreinet.fr/wp-content/uploads/2020/03/IMG_1417-1024x768.jpg" alt="" class="wp-image-75" srcset="https://crechecelestinfreinet.fr/wp-content/uploads/2020/03/IMG_1417-1024x768.jpg 1024w, https://crechecelestinfreinet.fr/wp-content/uploads/2020/03/IMG_1417-300x225.jpg 300w, https://crechecelestinfreinet.fr/wp-content/uploads/2020/03/IMG_1417-768x576.jpg 768w, https://crechecelestinfreinet.fr/wp-content/uploads/2020/03/IMG_1417-1536x1152.jpg 1536w, https://crechecelestinfreinet.fr/wp-content/uploads/2020/03/IMG_1417-2048x1536.jpg 2048w, https://crechecelestinfreinet.fr/wp-content/uploads/2020/03/IMG_1417-1365x1024.jpg 1365w, https://crechecelestinfreinet.fr/wp-content/uploads/2020/03/IMG_1417-618x464.jpg 618w, https://crechecelestinfreinet.fr/wp-content/uploads/2020/03/IMG_1417-138x104.jpg 138w, https://crechecelestinfreinet.fr/wp-content/uploads/2020/03/IMG_1417-444x333.jpg 444w" sizes="auto, (max-width: 1024px) 100vw, 1024px" /></figure>

<p>L’établissement petite enfance Multi Accueils Célestin Freinet est géré par une association type «loi 1901». C&rsquo;est un établissement privé, laïc, subventionné au 3⁄4 par l&rsquo;Etat. (CAF, Département, Mairie) La mission de l&rsquo;établissement est d&rsquo;assurer un relais éducatif. Il assure, en journée et en semaine, un accueil collectif régulier non permanent à temps plein, partiel et [&hellip;]</p>
