{"id":13,"date":"2019-03-15T12:15:58","date_gmt":"2019-03-15T11:15:58","guid":{"rendered":"http:\/\/crechecelestinfreinet.fr\/?page_id=13"},"modified":"2022-05-30T22:11:19","modified_gmt":"2022-05-30T20:11:19","slug":"modalites-dinscription","status":"publish","type":"page","link":"https:\/\/crechecelestinfreinet.fr\/?page_id=13","title":{"rendered":"Modalit\u00e9s d&rsquo;inscription"},"content":{"rendered":"\n<p>1. Transmission de la fiche de renseignements \u00e0 celestinfreinet93@gmail.com<br>2. Prise de rdv par mail <br>3. Pr\u00e9 inscription ou Inscription <br>4. Programmation de la p\u00e9riode d&rsquo;adaptation et signature du contrat d&rsquo;accueil <\/p>\n\n\n\n<div class=\"wp-block-file\"><a id=\"wp-block-file--media-0441a4a4-9c18-48c5-b776-29cc930c0533\" href=\"https:\/\/crechecelestinfreinet.fr\/wp-content\/uploads\/2019\/05\/Fiche-enfant.odt\">Fiche de renseignements <\/a><a href=\"https:\/\/crechecelestinfreinet.fr\/wp-content\/uploads\/2019\/05\/Fiche-enfant.odt\" class=\"wp-block-file__button\" download aria-describedby=\"wp-block-file--media-0441a4a4-9c18-48c5-b776-29cc930c0533\">T\u00e9l\u00e9charger<\/a><\/div>\n\n\n<div class=\"wp-block-image\">\n<figure class=\"alignleft size-large\"><img loading=\"lazy\" decoding=\"async\" width=\"288\" height=\"320\" src=\"https:\/\/crechecelestinfreinet.fr\/wp-content\/uploads\/2020\/05\/IMG_1403.jpg\" alt=\"\" class=\"wp-image-126\" srcset=\"https:\/\/crechecelestinfreinet.fr\/wp-content\/uploads\/2020\/05\/IMG_1403.jpg 288w, https:\/\/crechecelestinfreinet.fr\/wp-content\/uploads\/2020\/05\/IMG_1403-270x300.jpg 270w\" sizes=\"auto, (max-width: 288px) 100vw, 288px\" \/><\/figure>\n<\/div>\n\n\n<figure class=\"wp-block-gallery has-nested-images columns-default is-cropped wp-block-gallery-1 is-layout-flex wp-block-gallery-is-layout-flex\"><\/figure>\n","protected":false},"excerpt":{"rendered":"<p>1. Transmission de la fiche de renseignements \u00e0 celestinfreinet93@gmail.com2. Prise de rdv par mail 3. Pr\u00e9 inscription ou Inscription 4. Programmation de la p\u00e9riode d&rsquo;adaptation et signature du contrat d&rsquo;accueil<\/p>\n","protected":false},"author":1,"featured_media":0,"parent":0,"menu_order":0,"comment_status":"closed","ping_status":"closed","template":"","meta":{"footnotes":""},"class_list":["post-13","page","type-page","status-publish","hentry"],"_links":{"self":[{"href":"https:\/\/crechecelestinfreinet.fr\/index.php?rest_route=\/wp\/v2\/pages\/13","targetHints":{"allow":["GET"]}}],"collection":[{"href":"https:\/\/crechecelestinfreinet.fr\/index.php?rest_route=\/wp\/v2\/pages"}],"about":[{"href":"https:\/\/crechecelestinfreinet.fr\/index.php?rest_route=\/wp\/v2\/types\/page"}],"author":[{"embeddable":true,"href":"https:\/\/crechecelestinfreinet.fr\/index.php?rest_route=\/wp\/v2\/users\/1"}],"replies":[{"embeddable":true,"href":"https:\/\/crechecelestinfreinet.fr\/index.php?rest_route=%2Fwp%2Fv2%2Fcomments&post=13"}],"version-history":[{"count":9,"href":"https:\/\/crechecelestinfreinet.fr\/index.php?rest_route=\/wp\/v2\/pages\/13\/revisions"}],"predecessor-version":[{"id":224,"href":"https:\/\/crechecelestinfreinet.fr\/index.php?rest_route=\/wp\/v2\/pages\/13\/revisions\/224"}],"wp:attachment":[{"href":"https:\/\/crechecelestinfreinet.fr\/index.php?rest_route=%2Fwp%2Fv2%2Fmedia&parent=13"}],"curies":[{"name":"wp","href":"https:\/\/api.w.org\/{rel}","templated":true}]}}

Modalités d&rsquo;inscription

<p>1. Transmission de la fiche de renseignements à celestinfreinet93@gmail.com<br>2. Prise de rdv par mail <br>3. Pré inscription ou Inscription <br>4. Programmation de la période d&rsquo;adaptation et signature du contrat d&rsquo;accueil </p>



<div class="wp-block-file"><a id="wp-block-file--media-0441a4a4-9c18-48c5-b776-29cc930c0533" href="https://crechecelestinfreinet.fr/wp-content/uploads/2019/05/Fiche-enfant.odt">Fiche de renseignements </a><a href="https://crechecelestinfreinet.fr/wp-content/uploads/2019/05/Fiche-enfant.odt" class="wp-block-file__button" download aria-describedby="wp-block-file--media-0441a4a4-9c18-48c5-b776-29cc930c0533">Télécharger</a></div>


<div class="wp-block-image">
<figure class="alignleft size-large"><img loading="lazy" decoding="async" width="288" height="320" src="https://crechecelestinfreinet.fr/wp-content/uploads/2020/05/IMG_1403.jpg" alt="" class="wp-image-126" srcset="https://crechecelestinfreinet.fr/wp-content/uploads/2020/05/IMG_1403.jpg 288w, https://crechecelestinfreinet.fr/wp-content/uploads/2020/05/IMG_1403-270x300.jpg 270w" sizes="auto, (max-width: 288px) 100vw, 288px" /></figure>
</div>


<figure class="wp-block-gallery has-nested-images columns-default is-cropped wp-block-gallery-1 is-layout-flex wp-block-gallery-is-layout-flex"></figure>

<p>1. Transmission de la fiche de renseignements à celestinfreinet93@gmail.com2. Prise de rdv par mail 3. Pré inscription ou Inscription 4. Programmation de la période d&rsquo;adaptation et signature du contrat d&rsquo;accueil</p>
